{"id":122,"date":"2017-06-06T21:27:09","date_gmt":"2017-06-06T19:27:09","guid":{"rendered":"http:\/\/bootshaus-berlin.com\/?page_id=122"},"modified":"2019-02-08T18:08:09","modified_gmt":"2019-02-08T17:08:09","slug":"winterliegeplaetze","status":"publish","type":"page","link":"https:\/\/bootshaus-berlin.com\/index.php\/winterliegeplaetze\/","title":{"rendered":"Winterliegepl\u00e4tze"},"content":{"rendered":"  <section class=\"section\" id=\"section_36292496\">\n      <div class=\"bg section-bg fill bg-fill  bg-loaded\" >\n\n        \n        <div class=\"section-bg-overlay absolute fill\"><\/div>\n        \n        \n        \n        \n\n      <\/div><!-- .section-bg -->\n\n      <div class=\"section-content relative\">\n        \n<div class=\"row row-large\"  id=\"row-405913260\">\n<div class=\"col medium-6 small-12 large-6\"  ><div class=\"col-inner\"  >\n    <div class=\"img has-hover x md-x lg-x y md-y lg-y\" id=\"image_511319317\">\n                <div class=\"img-inner dark\" >\n        <img width=\"1020\" height=\"765\" src=\"https:\/\/bootshaus-berlin.com\/wp-content\/uploads\/2018\/06\/winterlager-1024x768.jpg\" class=\"attachment-large size-large\" alt=\"Foto Winterlager\" loading=\"lazy\" srcset=\"https:\/\/bootshaus-berlin.com\/wp-content\/uploads\/2018\/06\/winterlager-1024x768.jpg 1024w, https:\/\/bootshaus-berlin.com\/wp-content\/uploads\/2018\/06\/winterlager-300x225.jpg 300w, https:\/\/bootshaus-berlin.com\/wp-content\/uploads\/2018\/06\/winterlager-768x576.jpg 768w\" sizes=\"(max-width: 1020px) 100vw, 1020px\" \/>                \n            <\/div>\n                   \n<style scope=\"scope\">\n\n<\/style>\n    <\/div>\n    \n<\/div><\/div>\n<div class=\"col medium-6 small-12 large-6\"  ><div class=\"col-inner text-left\"  >\n<h2>Unser Winterlager: Hoch und trocken an Land oder eisfrei im Wasser<\/h2>\n<p>Suchen Sie in Berlin einen Winterliegeplatz f\u00fcr Ihr Segelboot oder Motorboot, kann unser Bootshaus preisg\u00fcnstig einen Bootsliegeplatz an Land f\u00fcr die kalte Jahresh\u00e4lfte anbieten.<\/p>\n<p>Als Winterlager unschlagbar g\u00fcnstig ist im Bootshaus St\u00f6\u00dfensee ein Wasserliegeplatz am Steg!<br \/>\nDiese Bootsliegepl\u00e4tze sind eisfrei und bieten sich vor allem dann an, wenn keine Arbeiten am Unterwasserschiff Ihres Boots geplant sind.<\/p>\n<p>Zum Winterlager k\u00f6nnen Sie Ihr Boot entweder \u00fcber Land mit einem Trailer zum Bootshaus bringen oder Sie reisen auf eigenem Kiel \u00fcber die Havel und den St\u00f6\u00dfensee an<\/p>\n<p>Wir slippen Ihr Boot in unserem Hafen, reinigen gratis das Unterwasserschiff und stellen dann das Boot an dem Liegeplatz auf B\u00f6cke..<\/p>\n  <section class=\"section\" id=\"section_799577883\">\n      <div class=\"bg section-bg fill bg-fill  bg-loaded\" >\n\n        \n        \n        \n        \n        \n        \n\n      <\/div><!-- .section-bg -->\n\n      <div class=\"section-content relative\">\n        \n\n<div class=\"contactdata\" style=\"font-size: 110% !important;\"><a class=\"tooltip tooltipstered\" href=\"tel:030 3042547\"><i class=\"icon-phone\" style=\"font-size: 18px;\"><\/i>\u00a0\u00a0030 3042547<\/a>\n<br \/>\n<a class=\"tooltip tooltipstered\" href=\"mailto:info@bootshaus-berlin.com\"><i class=\"icon-envelop\" style=\"font-size: 18px;\"><\/i>\u00a0\u00a0info@bootshaus-berlin.com <\/a><\/div>\n\n      <\/div><!-- .section-content -->\n\n      \n<style scope=\"scope\">\n\n#section_799577883 {\n  padding-top: 30px;\n  padding-bottom: 30px;\n}\n<\/style>\n  <\/section>\n  \n<a href=\"https:\/\/bootshaus-berlin.com\/\" target=\"_self\" class=\"button primary\"  >\n    <span>zur\u00fcck zur Startseite<\/span>\n  <\/a>\n\n<\/div><\/div>\n\n<style scope=\"scope\">\n\n<\/style>\n<\/div>\n      <\/div><!-- .section-content -->\n\n      \n<style scope=\"scope\">\n\n#section_36292496 {\n  padding-top: 60px;\n  padding-bottom: 60px;\n  background-color: rgb(193, 193, 193);\n}\n#section_36292496 .section-bg-overlay {\n  background-color: rgba(255, 255, 255, 0.85);\n}\n<\/style>\n  <\/section>\n  \n","protected":false},"excerpt":{"rendered":"","protected":false},"author":1,"featured_media":0,"parent":0,"menu_order":0,"comment_status":"closed","ping_status":"closed","template":"","meta":[],"_links":{"self":[{"href":"https:\/\/bootshaus-berlin.com\/index.php\/wp-json\/wp\/v2\/pages\/122"}],"collection":[{"href":"https:\/\/bootshaus-berlin.com\/index.php\/wp-json\/wp\/v2\/pages"}],"about":[{"href":"https:\/\/bootshaus-berlin.com\/index.php\/wp-json\/wp\/v2\/types\/page"}],"author":[{"embeddable":true,"href":"https:\/\/bootshaus-berlin.com\/index.php\/wp-json\/wp\/v2\/users\/1"}],"replies":[{"embeddable":true,"href":"https:\/\/bootshaus-berlin.com\/index.php\/wp-json\/wp\/v2\/comments?post=122"}],"version-history":[{"count":7,"href":"https:\/\/bootshaus-berlin.com\/index.php\/wp-json\/wp\/v2\/pages\/122\/revisions"}],"predecessor-version":[{"id":475,"href":"https:\/\/bootshaus-berlin.com\/index.php\/wp-json\/wp\/v2\/pages\/122\/revisions\/475"}],"wp:attachment":[{"href":"https:\/\/bootshaus-berlin.com\/index.php\/wp-json\/wp\/v2\/media?parent=122"}],"curies":[{"name":"wp","href":"https:\/\/api.w.org\/{rel}","templated":true}]}}