{"id":14,"date":"2017-03-16T02:07:16","date_gmt":"2017-03-16T01:07:16","guid":{"rendered":"http:\/\/bootshaus-berlin.com\/?page_id=14"},"modified":"2022-04-29T14:36:57","modified_gmt":"2022-04-29T12:36:57","slug":"bootshaus-2","status":"publish","type":"page","link":"https:\/\/bootshaus-berlin.com\/","title":{"rendered":"Bootshaus"},"content":{"rendered":"\n  <div class=\"banner has-hover homebanner\" id=\"banner-1283484392\">\n          <div class=\"banner-inner fill\">\n        <div class=\"banner-bg fill\" >\n            <div class=\"bg fill bg-fill \"><\/div>\n                                    \n                    <\/div><!-- bg-layers -->\n        <div class=\"banner-layers container\">\n            <div class=\"fill banner-link\"><\/div>            \n   <div id=\"text-box-665610236\" class=\"text-box banner-layer x50 md-x0 lg-x0 y70 md-y90 lg-y90 res-text\">\n                     <div data-animate=\"none\">           <div class=\"text box-shadow-1\">\n              \n              <div class=\"text-inner text-left\">\n                  \n<h1 id=\"mainheadline\">Bootsliegepl\u00e4tze in Berlin &#8211; Bootsst\u00e4nde Berlin Spandau<\/h1>\n<p class=\"lead\">Liegeplatz f\u00fcr Segel- &amp; Motorboot, Hallenplatz f\u00fcr Kajaks &amp; Kanadier, Winterlager, Wochenendhaus<\/p>\n<div class=\"contactdata\">\n<a href=\"https:\/\/goo.gl\/maps\/DMQhNGGiJM82\" target=\"_blank\" style=\"color : #005a84 !important\" rel=\"noopener\"><i class=\"icon-map-pin-fill\" style=\"font-size:18px;\"><\/i>&nbsp;&nbsp;&nbsp;Brandensteinweg 57<br \/>\n<i class=\"icon-envelop\" style=\"opacity:0;font-size:18px;\"><\/i>&nbsp;&nbsp;13595 Berlin<\/a><a style=\"margin-top:0.75em;display:block;color : #005a84 !important\" href=\"tel:030 3042547\" class=\"tooltip tooltipstered\"><i class=\"icon-phone\" style=\"font-size:18px;\"><\/i><span>&nbsp;&nbsp;030 3042547<\/span><\/a><a href=\"mailto:info@bootshaus-berlin.com\" class=\"tooltip tooltipstered\" style=\"color : #005a84 !important\"><i class=\"icon-envelop\" style=\"font-size:18px;\"><\/i><span>&nbsp;&nbsp;info@bootshaus-berlin.com<\/span> <\/a><\/div>\n              <\/div>\n           <\/div><!-- text-box-inner -->\n       <\/div>                     \n<style scope=\"scope\">\n\n#text-box-665610236 {\n  margin: 0px 0px 0px 0px;\n  width: 90%;\n}\n#text-box-665610236 .text {\n  background-color: rgba(255, 255, 255, 0.91);\n  font-size: 100%;\n}\n#text-box-665610236 .text-inner {\n  padding: 22px 22px 22px 22px;\n}\n\n\n@media (min-width:550px) {\n\n  #text-box-665610236 {\n    width: 44%;\n  }\n\n}\n<\/style>\n    <\/div><!-- text-box -->\n \n        <\/div><!-- .banner-layers -->\n      <\/div><!-- .banner-inner -->\n\n              <div class=\"height-fix is-invisible\"><img width=\"1042\" height=\"675\" src=\"https:\/\/bootshaus-berlin.com\/wp-content\/uploads\/2019\/02\/bootshaus.jpg\" class=\"attachment-orginal size-orginal\" alt=\"bootshaus\" loading=\"lazy\" srcset=\"https:\/\/bootshaus-berlin.com\/wp-content\/uploads\/2019\/02\/bootshaus.jpg 1042w, https:\/\/bootshaus-berlin.com\/wp-content\/uploads\/2019\/02\/bootshaus-300x194.jpg 300w, https:\/\/bootshaus-berlin.com\/wp-content\/uploads\/2019\/02\/bootshaus-768x498.jpg 768w, https:\/\/bootshaus-berlin.com\/wp-content\/uploads\/2019\/02\/bootshaus-1024x663.jpg 1024w\" sizes=\"(max-width: 1042px) 100vw, 1042px\" \/><\/div>\n            \n<style scope=\"scope\">\n\n#banner-1283484392 .bg.bg-loaded {\n  background-image: url(https:\/\/bootshaus-berlin.com\/wp-content\/uploads\/2019\/02\/bootshaus.jpg);\n}\n#banner-1283484392 {\n  background-color: rgb(255, 255, 255);\n}\n#banner-1283484392 .bg {\n  background-position: 50% bottom;\n}\n<\/style>\n  <\/div><!-- .banner -->\n\n\n  <section class=\"section\" id=\"section_1771850792\">\n      <div class=\"bg section-bg fill bg-fill  bg-loaded\" >\n\n        \n        <div class=\"section-bg-overlay absolute fill\"><\/div>\n        \n        \n        \n        \n\n      <\/div><!-- .section-bg -->\n\n      <div class=\"section-content relative\">\n        \n<div class=\"row row-large\"  id=\"row-99525364\">\n<div class=\"col medium-6 small-12 large-6\"  ><div class=\"col-inner text-left\"  >\n<p class=\"Xdropcap\">Unser Bootshaus in Berlin Spandau bietet f\u00fcr Ihr Boot preiswerte Bootsliegepl\u00e4tze, citynahe Landst\u00e4nde, Wasserst\u00e4nde und Hallenpl\u00e4tze f\u00fcr Kanus.<\/p>\n<p>Weniger als 30 Minuten von der City entfernt &#8211; und doch im Gr\u00fcnen &#8211; erschlie\u00dft sich hier f\u00fcr den Wassersport das gro\u00dfe Revier im S\u00fcdwesten von Berlin. Hier k\u00f6nnen Sie preisg\u00fcnstig einen Bootsliegeplatz oder auch ein Wochenendhaus mieten.<\/p>\n<p>Das Bootshaus ist bewacht; im Sommer wohnt der Bootswart in unserem Bootshaus, so dass immer ein Ansprechpartner f\u00fcr Sie da ist. In freundlicher Atmosph\u00e4re k\u00f6nnen Sie sich in der naturnaher Umgebung aufhalten; Liegewiese, Grill, eine kleine Restauration, moderne Sanit\u00e4rr\u00e4ume, Dusche, Umkleideraum sind f\u00fcr Sie da. Zubeh\u00f6r f\u00fcr Ihr Boot k\u00f6nnen Sie in Schr\u00e4nken aufbewahren.<\/p>\n<a href=\"index.php\/wasserstaende\/\" target=\"_self\" class=\"button primary\"  >\n    <span>Bootsliegeplatz Hafen<\/span>\n  <\/a>\n\n<p>f\u00fcr Segelboot und Motorboot mit Seitensteg, Wasser- und Stromanschluss<\/p>\n<a href=\"index.php\/landstaende\/\" target=\"_self\" class=\"button primary\"  >\n    <span>Landst\u00e4nde<\/span>\n  <\/a>\n\n<p>f\u00fcr ein kleines Segelboot, Motorboot, Angelkahn, Schlauchboot<\/p>\n<a href=\"index.php\/hallenplaetze\/\" target=\"_self\" class=\"button primary\"  >\n    <span>Hallenpl\u00e4tze<\/span>\n  <\/a>\n\n<p>f\u00fcr Kanadier, Kajak, kleines Schlauchboot<\/p>\n<a href=\"index.php\/winterliegeplaetze\/\" target=\"_self\" class=\"button primary\"  >\n    <span>Winterliegepl\u00e4tze<\/span>\n  <\/a>\n\n<p>Bootsliegeplatz an Land oder sehr billig am Steg einen eisfreien Wasserliegeplatz<\/p>\n<a href=\"index.php\/wochenendhaeuser\/\" target=\"_self\" class=\"button primary\"  >\n    <span>Wochenendh\u00e4user<\/span>\n  <\/a>\n\n<p>am Wasser oder mit Wasserzugang<\/p>\n<\/div><\/div>\n<div class=\"col medium-6 small-12 large-6\"  ><div class=\"col-inner\"  >\n    <div class=\"img has-hover x md-x lg-x y md-y lg-y\" id=\"image_596981681\">\n                <div class=\"img-inner box-shadow-2 dark\" style=\"margin:0px 0px 100px 0px;\">\n        <img width=\"245\" height=\"250\" src=\"https:\/\/bootshaus-berlin.com\/wp-content\/uploads\/2017\/06\/liegeplatz-bootshaus-berlin.jpg\" class=\"attachment-large size-large\" alt=\"\" loading=\"lazy\" \/>                \n            <\/div>\n                   \n<style scope=\"scope\">\n\n<\/style>\n    <\/div>\n    \n<\/div><\/div>\n\n<style scope=\"scope\">\n\n<\/style>\n<\/div>\n      <\/div><!-- .section-content -->\n\n      \n<style scope=\"scope\">\n\n#section_1771850792 {\n  padding-top: 60px;\n  padding-bottom: 60px;\n  background-color: rgb(193, 193, 193);\n}\n#section_1771850792 .section-bg-overlay {\n  background-color: rgba(255, 255, 255, 0.85);\n}\n<\/style>\n  <\/section>\n  \n  <section class=\"section\" id=\"section_76615786\">\n      <div class=\"bg section-bg fill bg-fill  bg-loaded\" >\n\n        \n        <div class=\"section-bg-overlay absolute fill\"><\/div>\n        \n        \n        \n        \n\n      <\/div><!-- .section-bg -->\n\n      <div class=\"section-content relative\">\n        \n<div class=\"row align-center\"  id=\"row-522981416\">\n<div class=\"col medium-10 small-12 large-10\"  ><div class=\"col-inner text-center\"  >\n<h2 class=\"uppercase\" style=\"font-weight: 900 !important;font-style: italic;\">REVIERINFO Berlin<\/h2>\n<\/div><\/div>\n\n<style scope=\"scope\">\n\n<\/style>\n<\/div>\n      <\/div><!-- .section-content -->\n\n      \n<style scope=\"scope\">\n\n#section_76615786 {\n  padding-top: 0px;\n  padding-bottom: 0px;\n  min-height: 60px;\n  background-color: rgb(193, 193, 193);\n}\n#section_76615786 .section-bg-overlay {\n  background-color: rgba(255, 255, 255, 0.85);\n}\n<\/style>\n  <\/section>\n  \n  <section class=\"section\" id=\"section_483354293\">\n      <div class=\"bg section-bg fill bg-fill  \" >\n\n        \n        <div class=\"section-bg-overlay absolute fill\"><\/div>\n        \n        \n        \n        \n\n      <\/div><!-- .section-bg -->\n\n      <div class=\"section-content relative\">\n        \n<div class=\"row row-large align-middle\"  id=\"row-133624142\">\n<div class=\"col medium-6 small-12 large-6\"  ><div class=\"col-inner\"  >\n    <div class=\"img has-hover x md-x lg-x y md-y lg-y\" id=\"image_1027047128\">\n                <div class=\"img-inner image-cover dark\" style=\"padding-top:75%;\">\n        <img width=\"245\" height=\"250\" src=\"https:\/\/bootshaus-berlin.com\/wp-content\/uploads\/2017\/06\/havel-bootshaus-berlin.jpg\" class=\"attachment-large size-large\" alt=\"\" loading=\"lazy\" \/>                \n            <\/div>\n                   \n<style scope=\"scope\">\n\n<\/style>\n    <\/div>\n    \n<\/div><\/div>\n<div class=\"col medium-6 small-12 large-6\"  ><div class=\"col-inner text-left\"  >\n<h2>Die Havel: Das gro\u00dfe Revier f\u00fcr den Wassersport in Berlin<\/h2>\n<p>Im S\u00fcdwesten von Berlin liegt das gr\u00f6\u00dfte und zugleich sch\u00f6nste Revier f\u00fcr den Wassersport: Die Havel !<br \/>\nEin Liegeplatz im Bootshaus St\u00f6\u00dfensee ist so der ideale Ausgangspunkt f\u00fcr sch\u00f6ne, ausgiebige Segelt\u00f6rns und Ausflugsfahrten mit Ihrem Boot in alle Himmelsrichtungen.<\/p>\n<p>Mit dem Segelboot k\u00f6nnen Sie, ohne den Mast legen zu m\u00fcssen, fast 20 km weit segeln: \u00dcber den St\u00f6\u00dfensee und die Havel (Unterhavel), gelangen Sie vorbei am Wannsee, der Pfaueninsel, Cecilienhof mit alter Meierei, Potsdam, bis Neu Fahrland.<\/p>\n<\/div><\/div>\n\n<style scope=\"scope\">\n\n<\/style>\n<\/div>\n      <\/div><!-- .section-content -->\n\n      \n<style scope=\"scope\">\n\n#section_483354293 {\n  padding-top: 60px;\n  padding-bottom: 60px;\n  background-color: rgb(193, 193, 193);\n}\n#section_483354293 .section-bg-overlay {\n  background-color: rgba(255, 255, 255, 0.85);\n}\n#section_483354293 .section-bg.bg-loaded {\n  background-image: url(https:\/\/bootshaus-berlin.com\/wp-content\/uploads\/2017\/06\/havel-bootshaus-berlin.jpg);\n}\n<\/style>\n  <\/section>\n  \n  <section class=\"section\" id=\"section_1948832338\">\n      <div class=\"bg section-bg fill bg-fill  \" >\n\n        \n        <div class=\"section-bg-overlay absolute fill\"><\/div>\n        \n        \n        \n        \n\n      <\/div><!-- .section-bg -->\n\n      <div class=\"section-content relative\">\n        \n<div class=\"row row-large align-middle\"  id=\"row-415280004\">\n<div class=\"col medium-6 small-12 large-6\"  ><div class=\"col-inner\"  >\n    <div class=\"img has-hover x md-x lg-x y md-y lg-y\" id=\"image_1248944919\">\n                <div class=\"img-inner image-cover dark\" style=\"padding-top:75%;\">\n        <img width=\"722\" height=\"387\" src=\"https:\/\/bootshaus-berlin.com\/wp-content\/uploads\/2017\/06\/Heilig_Geist_Kirche_Werder.jpg\" class=\"attachment-large size-large\" alt=\"\" loading=\"lazy\" srcset=\"https:\/\/bootshaus-berlin.com\/wp-content\/uploads\/2017\/06\/Heilig_Geist_Kirche_Werder.jpg 722w, https:\/\/bootshaus-berlin.com\/wp-content\/uploads\/2017\/06\/Heilig_Geist_Kirche_Werder-300x161.jpg 300w\" sizes=\"(max-width: 722px) 100vw, 722px\" \/>                \n            <\/div>\n                   \n<style scope=\"scope\">\n\n<\/style>\n    <\/div>\n    \n<\/div><\/div>\n<div class=\"col medium-6 small-12 large-6\"  ><div class=\"col-inner text-left\"  >\n<h2>Potsdam &amp; Werder<\/h2>\n<p>Wir verlassen Berlin, durch die Glienicker Br\u00fccke geht es durch Potsdam zum Templiner See, vorbei an Caputh zum Schwielowsee, an Werder vorbei zum Gro\u00dfen Zernsee, mit dem Motorboot \u00fcber die Havel, den Trebelsee bis zur Stadt Brandenburg und weiter.<\/p>\n<\/div><\/div>\n\n<style scope=\"scope\">\n\n<\/style>\n<\/div>\n      <\/div><!-- .section-content -->\n\n      \n<style scope=\"scope\">\n\n#section_1948832338 {\n  padding-top: 60px;\n  padding-bottom: 60px;\n  background-color: rgb(193, 193, 193);\n}\n#section_1948832338 .section-bg-overlay {\n  background-color: rgba(255, 255, 255, 0.85);\n}\n#section_1948832338 .section-bg.bg-loaded {\n  background-image: url(https:\/\/bootshaus-berlin.com\/wp-content\/uploads\/2017\/06\/Heilig_Geist_Kirche_Werder.jpg);\n}\n<\/style>\n  <\/section>\n  \n  <section class=\"section\" id=\"section_1694608828\">\n      <div class=\"bg section-bg fill bg-fill  \" >\n\n        \n        <div class=\"section-bg-overlay absolute fill\"><\/div>\n        \n        \n        \n        \n\n      <\/div><!-- .section-bg -->\n\n      <div class=\"section-content relative\">\n        \n<div class=\"row row-large align-middle\"  id=\"row-26090156\">\n<div class=\"col medium-6 small-12 large-6\"  ><div class=\"col-inner\"  >\n    <div class=\"img has-hover x md-x lg-x y md-y lg-y\" id=\"image_867886917\">\n                <div class=\"img-inner image-cover dark\" style=\"padding-top:56.25%;\">\n        <img width=\"540\" height=\"360\" src=\"https:\/\/bootshaus-berlin.com\/wp-content\/uploads\/2017\/06\/Mecklenburgische_Seenplatte.jpg\" class=\"attachment-large size-large\" alt=\"\" loading=\"lazy\" srcset=\"https:\/\/bootshaus-berlin.com\/wp-content\/uploads\/2017\/06\/Mecklenburgische_Seenplatte.jpg 540w, https:\/\/bootshaus-berlin.com\/wp-content\/uploads\/2017\/06\/Mecklenburgische_Seenplatte-300x200.jpg 300w\" sizes=\"(max-width: 540px) 100vw, 540px\" \/>                \n            <\/div>\n                   \n<style scope=\"scope\">\n\n<\/style>\n    <\/div>\n    \n<\/div><\/div>\n<div class=\"col medium-6 small-12 large-6\"  ><div class=\"col-inner text-left\"  >\n<h2>von der Oberhavel bis in die Seenplatte<\/h2>\n<p>Im Norden fahren wir mit dem Boot \u00fcber die Oberhavel, die Schleuse Spandau, zum Tegeler See, Neuendorfer See und Berlin verlassend, bis zur Mecklenburgischen Seenplatte.<\/p>\n<\/div><\/div>\n\n<style scope=\"scope\">\n\n<\/style>\n<\/div>\n      <\/div><!-- .section-content -->\n\n      \n<style scope=\"scope\">\n\n#section_1694608828 {\n  padding-top: 60px;\n  padding-bottom: 60px;\n  background-color: rgb(193, 193, 193);\n}\n#section_1694608828 .section-bg-overlay {\n  background-color: rgba(255, 255, 255, 0.85);\n}\n#section_1694608828 .section-bg.bg-loaded {\n  background-image: url(https:\/\/bootshaus-berlin.com\/wp-content\/uploads\/2017\/06\/Mecklenburgische_Seenplatte.jpg);\n}\n<\/style>\n  <\/section>\n  \n  <section class=\"section\" id=\"section_106632012\">\n      <div class=\"bg section-bg fill bg-fill  bg-loaded\" >\n\n        \n        \n        \n        \n        \n        \n\n      <\/div><!-- .section-bg -->\n\n      <div class=\"section-content relative\">\n        \n<div class=\"row align-center\"  id=\"row-1301092951\">\n<div class=\"col medium-10 small-12 large-10\"  ><div class=\"col-inner text-center\" style=\"margin:40px 0px 0px 0px;\" >\n<h2 class=\"uppercase\">Lageplan &amp; Anfahrt<\/h2>\n<\/div><\/div>\n\n<style scope=\"scope\">\n\n<\/style>\n<\/div>\n      <\/div><!-- .section-content -->\n\n      \n<style scope=\"scope\">\n\n#section_106632012 {\n  padding-top: 0px;\n  padding-bottom: 0px;\n  min-height: 60px;\n  background-color: rgb(245, 245, 245);\n}\n<\/style>\n  <\/section>\n  \n  <section class=\"section\" id=\"section_1659058586\">\n      <div class=\"bg section-bg fill bg-fill  bg-loaded\" >\n\n        \n        <div class=\"section-bg-overlay absolute fill\"><\/div>\n        \n        \n        \n        \n\n      <\/div><!-- .section-bg -->\n\n      <div class=\"section-content relative\">\n        \n<div class=\"row row-large align-center\"  id=\"row-33656425\">\n<div class=\"col medium-3 small-12 large-3\"  ><div class=\"col-inner text-right\"  >\n<h3>Bus \/ Bahn<\/h3>\n<p>Buslinie M 49 (f\u00e4hrt im 10 min. Takt) bis Haltestelle Pichelswerder von dort in den Brandensteinweg, ca 4 min. Fu\u00dfweg bis zum Bootshaus.<br \/>\nZur Buslinie M 49 gelangen Sie mit der U-Bahnlinie 2 vom Bahnhof Theodor-Heuss Platz oder mit der S-Bahn ab Bahnhof Heerstra\u00dfe.<\/p>\n<\/div><\/div>\n<div class=\"col medium-5 small-12 large-5\"  ><div class=\"col-inner\"  >\n    <div class=\"img has-hover x md-x lg-x y md-y lg-y\" id=\"image_541652164\">\n                <div class=\"img-inner image-cover dark\" style=\"padding-top:87%;\">\n        <img width=\"490\" height=\"430\" src=\"https:\/\/bootshaus-berlin.com\/wp-content\/uploads\/2019\/02\/map23.png\" class=\"attachment-large size-large\" alt=\"anfahrt\" loading=\"lazy\" srcset=\"https:\/\/bootshaus-berlin.com\/wp-content\/uploads\/2019\/02\/map23.png 490w, https:\/\/bootshaus-berlin.com\/wp-content\/uploads\/2019\/02\/map23-300x263.png 300w\" sizes=\"(max-width: 490px) 100vw, 490px\" \/>                \n            <\/div>\n                   \n<style scope=\"scope\">\n\n<\/style>\n    <\/div>\n    \n<div style=\"text-align:center\"><a href=\"https:\/\/goo.gl\/maps\/DMQhNGGiJM82\" target=\"_blank\" rel=\"noopener\"><i class=\"icon-map-pin-fill\" style=\"font-size:18px;\"><\/i>&nbsp;&nbsp;&nbsp;Brandensteinweg 57<br \/>\n<i class=\"icon-envelop\" style=\"opacity:0;font-size:18px;\"><\/i>&nbsp;&nbsp;13595 Berlin<\/a><\/div>\n<\/div><\/div>\n<div class=\"col medium-3 small-12 large-3\"  ><div class=\"col-inner text-left\"  >\n<h3>PKW<\/h3>\n<p>Vom Zentrum Berlin:&nbsp;<br \/>\nHeerstra\u00dfe Richtung Spandau: gleich hinter der ersten Br\u00fccke (St\u00f6\u00dfenseebr\u00fccke) an der ersten Kreuzung (Ampel) rechts abbiegen in den Brandensteinweg, immer rechts halten, das Bootshaus befindet sich kurz vor dem Ende der Sackgasse.<\/p>\n<p>Von Spandau:<br \/>\nRichtung Berlin &#8211; Innenstadt \u00fcber die erste Br\u00fccke (Freybr\u00fccke), an der ersten Kreuzung (Ampel) links in den Brandensteinweg abbiegen.<\/p>\n<\/div><\/div>\n\n<style scope=\"scope\">\n\n<\/style>\n<\/div>\n      <\/div><!-- .section-content -->\n\n      \n<style scope=\"scope\">\n\n#section_1659058586 {\n  padding-top: 30px;\n  padding-bottom: 30px;\n  background-color: rgb(193, 193, 193);\n}\n#section_1659058586 .section-bg-overlay {\n  background-color: rgba(255, 255, 255, 0.85);\n}\n<\/style>\n  <\/section>\n  \n","protected":false},"excerpt":{"rendered":"","protected":false},"author":1,"featured_media":0,"parent":0,"menu_order":0,"comment_status":"closed","ping_status":"closed","template":"page-blank.php","meta":[],"_links":{"self":[{"href":"https:\/\/bootshaus-berlin.com\/index.php\/wp-json\/wp\/v2\/pages\/14"}],"collection":[{"href":"https:\/\/bootshaus-berlin.com\/index.php\/wp-json\/wp\/v2\/pages"}],"about":[{"href":"https:\/\/bootshaus-berlin.com\/index.php\/wp-json\/wp\/v2\/types\/page"}],"author":[{"embeddable":true,"href":"https:\/\/bootshaus-berlin.com\/index.php\/wp-json\/wp\/v2\/users\/1"}],"replies":[{"embeddable":true,"href":"https:\/\/bootshaus-berlin.com\/index.php\/wp-json\/wp\/v2\/comments?post=14"}],"version-history":[{"count":154,"href":"https:\/\/bootshaus-berlin.com\/index.php\/wp-json\/wp\/v2\/pages\/14\/revisions"}],"predecessor-version":[{"id":509,"href":"https:\/\/bootshaus-berlin.com\/index.php\/wp-json\/wp\/v2\/pages\/14\/revisions\/509"}],"wp:attachment":[{"href":"https:\/\/bootshaus-berlin.com\/index.php\/wp-json\/wp\/v2\/media?parent=14"}],"curies":[{"name":"wp","href":"https:\/\/api.w.org\/{rel}","templated":true}]}}